or of 80 and a.
16
Let u be (1/6*-3)/((-1)/52). Calculate the greatest common divisor of 832 and u.
26
Suppose -2*k = -3*l - 109, -5*k + 6 = -l - 26. Let h = l + 43. Calculate the highest common factor of 6 and h.
6
Suppose 133*f - 136*f + 144 = 0. Let g(a) = 2*a**2 - 11*a + 9. Let m be g(9). Calculate the greatest common factor of m and f.
24
Let h(k) = -k**2 - 4*k + 7. Let g be h(-5). Suppose 4*l - g = 10. Let n(a) = 5*a - 3. Let o be n(l). Calculate the greatest common factor of o and 96.
12
Suppose -y = -5*m - 85, -17*m = -18*m + 1. Calculate the highest common factor of 18 and y.
18
Let m(f) = -f - 2*f - 2*f - 3. Let u be m(-4). Calculate the highest common divisor of u and 17.
17
Suppose -2*d = -5*r + 11, -r = -5*d + 24 + 6. Let j(p) = -p**3 + 8*p**2 + 11*p + 10. Let v be j(d). What is the highest common divisor of 17 and v?
17
Let a be ((-9)/12)/((-3)/12). Suppose -5 - 10 = -a*i. Suppose -s = -0*s - 45. Calculate the highest common divisor of i and s.
5
Let g = -67 - -849. Suppose -4*d + 1010 + g = 0. Suppose 5 = 4*a + 13, 0 = -5*r + 4*a + d. What is the greatest common divisor of 8 and r?
8
Suppose -3*m - 45 = -o, -3*o + 13*m = 10*m - 123. What is the greatest common factor of 455 and o?
13
Suppose a = -c - 3, 2*c + 3*a + 2*a = -9. Let n be (-2)/((3 - (-87)/(-33))/c). What is the greatest common factor of n and 11?
11
Let d = -60 - -338. Calculate the greatest common divisor of d and 1807.
139
Suppose -4*j = f - 5*f + 8, -19 = -5*f + 2*j. Suppose 0 = -g - 5, 0 = f*p + 3*g - g - 95. Calculate the highest common divisor of 147 and p.
21
Suppose -s - 2*m + 12 = -5*s, -5*m + 20 = 0. Let h be (-1)/(s*(-3)/(-87)). Calculate the highest common factor of h and 116.
29
Suppose 6*j - 251 = -95. What is the greatest common divisor of j and 91?
13
Let y be 5/((-10)/2)*-76. Let n = 68 + y. What is the greatest common divisor of n and 18?
18
Let c(z) = -z**3 + 2*z**2 + 3*z - 3. Let l be c(-3). Let x(y) = 9*y**2 + 10*y - 19. Let p be x(4). Calculate the greatest common factor of p and l.
33
Let m be 6/(-27) - 152/(-36). Suppose -4*y - 12 = l, m*y + 3*l - 4 + 24 = 0. Let r be 35 - 2 - (4 + y). What is the greatest common divisor of 217 and r?
31
Let n(p) = -p**2 + 21*p + 239. Let i be n(29). What is the greatest common factor of 392 and i?
7
Let l = -11 + 18. Let k(h) = h**3 + 9*h**2 - h - 11. Let c be k(-9). Let i be (46/(-30) - c/6)*-35. What is the greatest common factor of l and i?
7
Suppose 3*q - 5*q - 10 = 0, -3*n - q = -7. Suppose n*j + 0*j - 80 = 0. Suppose h - 3 = -3*m + 4, -5*m + 13 = 2*h. What is the highest common factor of j and h?
4
Suppose 1 = f, 2*o + 5*f - 395 = -o. Suppose -3 = 8*k - 83. What is the highest common factor of o and k?
10
Let k(s) = -118*s + 367. Let t be k(3). Calculate the greatest common divisor of 1469 and t.
13
Suppose 0 = 5*x - 1746 - 334. Calculate the highest common divisor of 13 and x.
13
Suppose -282 = -3*s - 5*u, -5*u - 8 = 7. What is the highest common divisor of s and 220?
11
Let d = -188 - -223. What is the greatest common divisor of d and 10?
5
Let c(u) = -2*u + 16. Let l be c(4). Suppose -49 = 3*n - 2*m, 0 = 2*m - 2 - 2. Let d = -3 - n. What is the greatest common factor of d and l?
4
Let o be 195 + (1 - -1 - 1). Suppose 7*s = 3*s + o. Let p = 6 + 1. Calculate the highest common factor of s and p.
7
Suppose -12*g + 10*g + 80 = 0. Let c be (4/8 - 0)/(1/10). What is the highest common divisor of g and c?
5
Suppose -3*g + 0*g = 3*j - 30, 0 = -g + j + 16. Suppose -14 = -20*b + g*b. Calculate the greatest common divisor of 10 and b.
2
Suppose -5*c + 0*c + 10 = 0. Suppose -v = c*v - 6. Let n be 1 + -3 - (-16 - -11). Calculate the highest common factor of n and v.
1
Let o(j) = 3*j**2 + j + 3. Let y be o(-3). Let z = -164 - -173. What is the highest common factor of z and y?
9
Let b = 118 + -108. Calculate the greatest common factor of 5 and b.
5
Suppose 12 + 43 = 5*x. Let f be 1 - 3 - (-7 - 1441). Let z be f/33 - 6/(-33). What is the highest common factor of z and x?
11
Suppose 3*g - 10 = 2*b + 1, 3*g = -2*b + 7. Let d(y) = 40*y**2 - 3*y - 3. Let h be d(b). What is the highest common divisor of h and 8?
8
Let w(d) = d**2 + 17*d + 27. Let u(y) = -y**3 + y**2 + y - 17. Let x be u(0). Let o be w(x). Calculate the greatest common divisor of 54 and o.
27
Suppose -13*d + 35*d - 352 = 0. Calculate the highest common divisor of d and 976.
16
Suppose -3*a - 22 = -10. Let t(s) = s**2 + s - 2. Let v be t(a). What is the highest common divisor of v and 70?
10
Let o = -1105 - -1384. What is the greatest common factor of o and 9?
9
Let y(b) = 64*b**2 - 2*b. Let r be y(-1). Suppose r - 10 = 8*d. Calculate the highest common divisor of d and 63.
7
Let k(o) = -7*o - 14 - 46*o**3 - 40*o**3 - 5*o**2 + 87*o**3. Let x be k(7). Calculate the highest common factor of 5 and x.
5
Suppose 2*l - 293 = v - 25, -4*l = -5*v - 548. What is the highest common divisor of 77 and l?
11
Suppose 5*x = 3*x + 176. Let m = 63 - 30. Let j be m*(-3 - (-10)/3). What is the highest common divisor of j and x?
11
Let d(s) = s**2 - 18*s - 5. Let f be d(20). Calculate the highest common factor of f and 49.
7
Suppose 0*k = k - 3. Let v be 24 - (0 - 1 - -1). Suppose -4*t = m - v - 17, t = -m + 35. What is the highest common divisor of k and m?
3
Let w(t) = -83*t + 5. Suppose r - 5*q = -6, 4*r - q = -0*r - 5. Let u be w(r). Calculate the highest common factor of u and 220.
44
Suppose -42*q + 44*q - 4 = 0. What is the highest common divisor of 11 and q?
1
Suppose -2*s - 2*c + 904 = -3674, 4 = -4*c. What is the highest common divisor of s and 10?
10
Let g be (-2*1)/(26/(-91)). Suppose 0 = -g*q + q + 966. Calculate the greatest common divisor of 23 and q.
23
Suppose 2*g + 274 = 3*f, 2*g + g = 5*f - 456. What is the highest common factor of f and 105?
15
Suppose 245 + 7 = 7*k. Suppose 2*j = 3*f + 64 - 23, -2*f - k = -2*j. What is the greatest common divisor of j and 13?
13
Let d(h) = -288*h**3 - 6*h**2 + 3*h + 6. Let b be d(-2). What is the highest common factor of 30 and b?
30
Let m be 54 + 9 + (3 - 9). What is the greatest common factor of 1121 and m?
19
Let o be (-41904)/97*1/(-3). Calculate the highest common divisor of 108 and o.
36
Let j be 6 + 0 + (35 - 13) + -4. Let b be (12/(-5))/((-3)/15). What is the greatest common divisor of b and j?
12
Let v = -2157 - -2182. Calculate the greatest common divisor of v and 800.
25
Let s be -5 + 1*132 + -4 + -4. What is the greatest common factor of 7 and s?
7
Let u = 154 - 134. Calculate the greatest common factor of 25 and u.
5
Let z be ((-20)/(-15) + -2)*(-873)/(-6). Let v = -73 - z. Calculate the highest common factor of v and 12.
12
Let j = 87 + -86. Suppose 0 = c - 6 + j. What is the greatest common factor of c and 60?
5
Let p(m) = 2*m + 4. Let n be (20/25)/(2/10). Let t be p(n). Let q = -48 + 54. What is the highest common divisor of q and t?
6
Suppose -8*h + 202 = -4*h - 2*j, 5*h + 2*j = 266. What is the greatest common divisor of 2236 and h?
52
Let q(b) = -b**2 - 15*b - 30. Let v be q(-10). Suppose -2*m = 2*m - 1600. Suppose -4*a + m = -0*a. What is the highest common divisor of a and v?
20
Let z = 11 - -39. Let q = 64 - z. What is the highest common divisor of q and 21?
7
Let o be -5 + (4/34 - (-3807)/153). What is the highest common divisor of 3 and o?
1
Let r = 32 + 36. Suppose -4 = -k - 1. Suppose -k*h = -6*h + 51. Calculate the greatest common divisor of r and h.
17
Let t = 92 + -65. Let o be (1 + 3/(-2))*-166. Let l = o + -65. What is the highest common factor of t and l?
9
Let k be 18/(3 + 17/(-6)). Suppose 4*y - y = -k. Let c = 50 + y. What is the highest common factor of c and 56?
14
Let y be (-48)/(-21) + 2/(-7). Suppose 2*g = -i + 33, 2*g - 33*i = -35*i + 38. Calculate the highest common factor of g and y.
2
Let s(a) = -32*a + 12. Let n be s(0). What is the greatest common divisor of n and 732?
12
Suppose 3*n + 2*n - 2400 = -g, n = 3*g + 496. Calculate the highest common factor of 37 and n.
37
Suppose -2*w - 3*c = -186, -2*c = 3*w + 2*w - 465. Let x = w - 13. What is the highest common factor of 32 and x?
16
Let b = 215 + -199. What is the highest common divisor of 208 and b?
16
Suppose 6 = 3*g, 3*v = 2*v - 2*g + 7. Let u = -10 + 16. Let t = u - v. Calculate the greatest common divisor of 3 and t